 - 1. Is k(m) a prime number?
True
Let b(f) = 8*f + 2*f**3 - 7*f**2 + 0*f**2 - 1 - 3*f**3. Let i be 79/(-9) - 6/27. Is b(i) composite?
False
Let f(v) = 4*v**2 + 8*v + 7. Let p be f(-17). Let w = -41 - -1561. Let t = w - p. Is t a prime number?
False
Let o(u) = u**3 + 10*u**2 + u + 12. Let x be -7 + -3*(4 - 3). Let q be o(x). Is 0 + 2/q - -76 a composite number?
True
Is -11 + 15 - 8 - (-31090 + -1) prime?
False
Suppose -78536 = -4*m - 20*u + 16*u, 5*m - 5*u - 98140 = 0. Is m prime?
False
Suppose 0 = -45*r + 1553 - 383. Is r composite?
True
Is ((-36460)/80)/(2/(-8)) composite?
False
Let j = -18 + 20. Suppose 11 = 3*s - j*g - 3, 3*s = -4*g + 26. Is (185/10)/(3/s) a composite number?
False
Suppose 4*s - 5*h = -s + 10, -3*s + 11 = 2*h. Let y(j) = 16*j**2 - 4*j - 1. Let i be y(s). Suppose 26 - i = -5*o. Is o a composite number?
True
Let x be (-4)/(-2 + -6)*(1 + 25). Let u(p) = p**3 - 11*p**2 - p - 26. Is u(x) a prime number?
False
Let s = -29 - -30. Let v(t) = 510*t**3 + t**2 + t - 1. Is v(s) a prime number?
False
Let w be (1080/42)/(1/14). Is w - -2*3/(-6) prime?
True
Suppose 5*i = -z - z - 9, 0 = 2*i - 5*z - 8. Is i - 0 - 472/(-8) a composite number?
True
Let j be (-3)/(-9) - 16/(-24). Is ((-538)/4)/j*-2 a prime number?
True
Let r = -237438 - -366511. Is r a composite number?
True
Let k(q) be the second derivative of q**4/3 + 2*q**3/3 + 7*q**2/2 - 5*q. Let p be (-201)/(-39) + (-4)/26. Is k(p) prime?
True
Let v(m) be the first derivative of 5*m**4/4 - 5*m**3/3 - 9*m**2/2 - 6*m + 30. Is v(7) prime?
False
Let n(f) = 23*f**2 + 7*f + 7. Let k(r) = r**2 - 8*r - 3. Let u be k(9). Is n(u) prime?
True
Let j(a) = 30*a + 7. Suppose -25 = -d - 4*d. Suppose 3 = 2*k - d. Is j(k) a prime number?
True
Suppose 4*o - 2*d - 18 = 0, 3 = -o - 4*d + 3*d. Suppose 3*m + 7 = -c, -6*c = 5*m - 2*c + 21. Is (o + -1)/(m/(-39)) prime?
False
Let f(g) = -2*g**2 - 2*g - 15. Let j(x) = -x**2 - 1. Let n(s) = f(s) - 3*j(s). Is n(-7) a prime number?
False
Let t = -64 - -68. Is t*(-3)/(-42) + (-551)/(-7) prime?
True
Let l(k) = 30*k**2 + 13*k + 12. Is l(13) a composite number?
True
Let g = 112 - -213. Suppose -3*q + q + 3*r = -130, 5*r = 5*q - g. Is q a prime number?
False
Let x(n) be the second derivative of 1/12*n**4 + 0 + 2/3*n**3 + 1/2*n**2 + 13/20*n**5 - 5*n. Is x(3) composite?
False
Let i = 123 + -115. Suppose i*b = 3*b + 2495. Is b composite?
False
Suppose -102*z = -127*z + 256075. Is z composite?
False
Let l(g) = 2*g**3 - 20*g**2 - g + 13. Let a be l(10). Suppose a*v - 2033 - 3856 = 0. Is v composite?
True
Let u(h) = 13*h**2 + 3*h - 5. Suppose 4*l - 6 = -2. Let q = l - -4. Is u(q) composite?
True
Let u(n) = 19*n + 27 - 16*n + 13*n**2 - 8. Is u(6) composite?
True
Let c(g) = 3*g**3 - 7*g**2 - 2*g + 5. Let l be 4*(3 + (-9)/6). Is c(l) a composite number?
False
Suppose 8 + 0 = 4*q. Suppose 0 = 4*p - q*p + 5*s - 1555, 5*s = 5*p - 3940. Is p a prime number?
False
Suppose -2*t + 4*z + 3782 = 0, 5*z - 2*z = 15. Is t composite?
False
Let q(n) = 3*n - 15. Let b be q(6). Suppose 4*p = -b*h + 705, 0 = 5*h - 5*p + p - 1207. Is h a prime number?
True
Let v(g) = 44*g**2 - 3*g - 3. Let b be v(-2). Let f = -88 + b. Is f prime?
False
Suppose 5*u - 4*u - 3 = 0. Let q be u + (8/(-2) - -1869). Suppose q = 6*m - 2*m. Is m prime?
True
Let r(g) = -2*g + 24. Let j be r(12). Suppose j*s + 2*s = 12. Is (74/3)/(4/s) a composite number?
False
Let t(b) = -46*b**3 + 3*b**2 + 47*b + 31. Is t(-8) a composite number?
False
Let w(m) be the first derivative of 4*m**3/3 + 4*m**2 - 12*m - 2. Let b be w(9). Let h = b + -181. Is h a composite number?
True
Let p(b) = 49147*b**3 - 3*b**2 + 6*b - 5. Is p(1) composite?
True
Suppose -4118 = -19*s + 12089. Is s a prime number?
True
Let o(l) = -624*l**3 + 7*l**2 + 13*l + 11. Is o(-5) a composite number?
False
Suppose 0 = d + 2*h - 8, 3*d - h = -6*h + 19. Is (-9619)/(-9) - d/9 a composite number?
False
Let i = -230 - -400. Suppose -n + 23 = -i. Suppose -2*q + n = -3*f + 6*f, 3*f = 2*q - 163. Is q a composite number?
False
Suppose 0 = 18*k - 19818 - 68436. Is k a prime number?
True
Let q(j) be the third derivative of 79*j**6/24 - j**4/8 + j**3/2 - 18*j**2. Is q(1) prime?
False
Suppose 5*l = -q + 1 - 3, q - 12 = 2*l. Suppose -5*s + q*s = 2184. Suppose 30 = 2*o - s. Is o composite?
False
Let y = 18 - 15. Suppose 0 = 3*h - 3*m - 777 - 78, 5*h - y*m = 1417. Suppose 2*l - 197 = h. Is l a prime number?
True
Suppose 4*s - 2*w - 34 = -4*w, 4*s = -4*w + 24. Suppose s*j - 16*j + 3365 = 0. Is j a prime number?
True
Suppose 0 = 3*j - 3, 0 = -2*p - j - 945 + 3380. Is p a prime number?
True
Let b = -5 + -5. Let d = b + 14. Suppose -d*a + 311 - 99 = 0. Is a prime?
True
Let h = -12501 - -25939. Is h prime?
False
Let u be (748/6)/(5/(-3) + 2). Suppose -b + 207 = -2*b. Let t = b + u. Is t prime?
True
Let c(s) = 13*s**2 - 120*s - 2. Is c(-33) a prime number?
False
Let d(u) = -58*u**3 + 11*u**2 - 10*u - 43. Is d(-8) a prime number?
False
Suppose 7*k - 9*k = -758. Is k a prime number?
True
Let s be 2/(-13) - (-168392)/(-403). Let a = s + 737. Is a a composite number?
True
Is ((-4)/(-8) - 2)/(21/(-2282)) composite?
False
Suppose 6*k - k = 25. Suppose j + k*w - 1644 = 0, w = -2*j - 3*w + 3282. Is j composite?
True
Let t(c) = 9*c**3 - 6*c**2 + 3*c - 7. Suppose o - 10 + 5 = 0. Is t(o) a composite number?
False
Let x(n) = 1 + 3 + n - 3 + 1. Let l be x(12). Let c = 37 - l. Is c composite?
False
Let l = -38 - -36. Let c(f) = -294*f - 1. Is c(l) a composite number?
False
Let h(n) be the first derivative of 10/3*n**3 + 13*n + 1/2*n**2 + 1. Is h(6) a composite number?
False
Let m = 2350 - -661. Is m composite?
False
Suppose -3*p - 2355 = -2*k + 5*k, -3*k - 2395 = -5*p. Let o = -381 - k. Is o a composite number?
False
Let x = -28 - -33. Suppose 5*z - y = 1685, 1331 = 5*z + x*y - 354. Is z prime?
True
Let q(v) = 74*v**2 + 10*v - 30. Let b be q(10). Suppose -8530 = -5*m - 5*z, -z = 4*m - b + 637. Is m a composite number?
False
Suppose 3*c + 40 = -c. Let b(u) = -u**3 - 10*u**2 - 2*u - 1. Is b(c) prime?
True
Let f be 14/6 - 6/(-9). Suppose 4*c = 678 + 2982. Suppose -f*w = 2*w - c. Is w composite?
True
Let k(i) = 12*i - 74. Let g be k(6). Is (4/g + 593)*19/19 a composite number?
True
Let g = -12 + 14. Suppose 0 = 4*h + g*x - 5*x + 517, 5*h = -2*x - 629. Let q = 185 + h. Is q prime?
False
Suppose 21*l = -3*y + 16*l + 409, y = 4*l + 159. Is y composite?
True
Let w = 584 + -306. Let y = w - -263. Is y a composite number?
False
Let m be 1 + 1/(-2)*-2. Suppose 0 = -5*z - m*x - 3*x + 5875, 0 = 3*z + x - 3517. Is z composite?
False
Let q be (-5)/15 - 172/6. Let p = -27 - q. Suppose 257 = p*s - 161. Is s composite?
True
Let u be (8/(-6))/((-30)/45). Suppose -4*l = d - 1101, d - u*l = -4*l + 1099. Is d prime?
True
Let l be (2/(-2) - 2)*1. Suppose 3*t + m + 2*m - 270 = 0, -t + 2*m + 90 = 0. Let s = l + t. Is s composite?
True
Suppose 2*f = 11*l - 13*l + 34588, 69155 = 4*l - 3*f. Is l prime?
True
Let j = -2256 + 3835. Is j a composite number?
False
Suppose -22*h = 27*h - 923111. Is h composite?
False
Suppose 0 = 103*j - 64*j - 1275573. Is j composite?
False
Let k be 3 + -2 + 0 - -7. Suppose 422 = 10*q - k*q. Is q a prime number?
True
Is 286557/391 - (-2)/17 a prime number?
True
Suppose o - 7987 = -2*x, -34*o + 32*o = -10. Is x a prime number?
False
Let a(k) = 6*k**2 - 4*k + 1399. Is a(0) a composite number?
False
Let z(q) = q**3 - 12*q**2 - 7*q - 35. Is z(16) a composite number?
False
Let i(c) = -397*c + 8. Let l be i(-2). Let o = l - -207. Is o a composite number?
False
Let n(v) = -512*v + 19. Let p(g) = g - 1. Let j(o) = -n(o) + 6*p(o). Is j(9) composite?
False
Is ((-10 - -5) + 7 - -34311)/1 a prime number?
True
Let g(n) = -n**3 - 18*n**2 - 17*n + 3. Let h = -23 + 25. Suppose f - 17 = h*f. Is g(f) composite?
False
Let d be (0 - (-6)/8)*(40 - 44). Is -2 - (d/(-1) - 4*84) a composite number?
False
Is 1806246/52 - 2/4 a composite number?
True
Let z(m) be the third derivative of -m**6/120 + m**5/15 + m**4/4 + 5*m**3/6 - 2*m**2. Suppose 4*r - 8 = 6*r. Is z(r) prime?
True
Let g = -251 + 519. Suppose -2*h = -7*h, -4*r = -5*h - g. Is r a prime number?
True
Let v = -84 + 84. Suppose j + 172 - 1365 = v. Is j composite?
False
Let k(a) = -a**2. Let t be k(0). Let y be (-1 - 3/(-2))*t. Suppose y = 3*z - 7*z + 740. Is z a composi